be 375/4 - 3/(-12). Suppose 3*t - 54 = -7*j + 4*j, f = 5*j + 4*t. Suppose -2*g + j = 3*i, 3*i - 22 = -2*g + 2*i. List the prime factors of g.
11
Suppose 28*t + 76 = 30*t. Let u = t - 25. Suppose 45 = x - 5*n - u, -4*n + 232 = 5*x. List the prime factors of x.
2, 3
Suppose 0 = -3*n + 154 - 4. Suppose 2*p - 222 + n = 0. Let f = p - 38. What are the prime factors of f?
2, 3
Suppose 14565 = 11*g + 4335. List the prime factors of g.
2, 3, 5, 31
Let s(w) = -5*w - 6. Let p(m) = 9*m + 11. Let q(d) = 3*p(d) + 5*s(d). List the prime factors of q(6).
3, 5
Let z = 523 + -242. List the prime factors of z.
281
Let r be 4 + (-2 - (-2)/2). Suppose -r*s + 21 = 6. Suppose 0 = 4*q - 20, -115 = -s*k - 2*q - 2*q. What are the prime factors of k?
19
Let h = 3108 - -620. List the prime factors of h.
2, 233
Let c(v) = 2*v**3 - 6*v**2 - 5*v + 20. Let d be c(7). Suppose 5*t - d = -97. What are the prime factors of t?
2, 7
Let w(v) = 8*v - 21*v + 7 + 20*v + v**2. Let s(q) = -q**2 - 2*q - 1. Let i be s(2). What are the prime factors of w(i)?
5
Let o = 21 + -13. Suppose 5*p + o = 63. Let i = p + 28. List the prime factors of i.
3, 13
Suppose 0 = -z + 5*z - 92. Let s = 83 - z. What are the prime factors of s?
2, 3, 5
Suppose -g - 20 = o, 4 + 48 = -3*g - o. Let r be (g + 1)*28/35. What are the prime factors of 3*((-80)/r)/5?
2
Let m be -1 - 2 - (0 + -6). Suppose -3*h = -0*h + 12, m*d - 3*h = 108. List the prime factors of d.
2
Let w = -67 + 67. Suppose 0*q - 4*q + 898 = -5*x, 4*q + x - 886 = w. What are the prime factors of q?
2, 3, 37
Let y be (-1 - 6/(-4))*242. Suppose -3*i + 74 + y = 0. List the prime factors of i.
5, 13
Suppose 14*i - 26149 = 15053. List the prime factors of i.
3, 109
Let o(l) = -5*l + 15. Suppose -20 = -0*c - 2*c. Let a be o(c). Let s = -17 - a. List the prime factors of s.
2, 3
Let n(l) = 3*l**3 - 34*l**2 - 13*l - 16. What are the prime factors of n(13)?
2, 3, 5, 11
Suppose -5*b + b + 4 = 0. What are the prime factors of (2 - b)*-10*19/(-2)?
5, 19
Suppose 37*u - 41*u = -3812. List the prime factors of u.
953
Let i = -256 + 1307. What are the prime factors of i?
1051
Suppose 2*m + m + 342 = 0. Let x = -414 + m. List the prime factors of 2/5 - x/30.
2, 3
Let d(b) = 119*b - 271. List the prime factors of d(5).
2, 3
List the prime factors of 15/((-3)/(-8) - 13851/40584).
5, 89
Suppose -7 = -2*t + 53. Suppose 18 = b + 5*w, 0 = -4*w - w. Let y = t - b. What are the prime factors of y?
2, 3
Let g(c) = -c**2 - 7*c + 22. Let w be g(-14). Let a = w + 146. What are the prime factors of a?
2, 5, 7
Let x be (1/(-2))/((-5)/(-10)). Let t be 4/((-8)/(-2)) - x. Suppose -3*q + 102 = t*i + 2*q, -4*q + 146 = 3*i. What are the prime factors of i?
2, 23
Let n = 17 - 21. Let s(p) = -10 + 1 + 2*p - 11*p. What are the prime factors of s(n)?
3
Suppose -t + 122 + 282 = 0. What are the prime factors of t?
2, 101
Suppose 5*i = -2*a - 187, 4*i = 5*a - 0*i + 451. Let c = 150 + a. What are the prime factors of c?
59
Let h(w) = -w**3 - 2*w**2 + 8*w + 12. List the prime factors of h(-12).
2, 3, 113
Suppose 0 = 5*s - 11 - 14. Let k(v) = 12 - 1 - s*v**2 + 4*v**2 - 9*v. List the prime factors of k(-9).
11
Let h(m) = m**3 - 13*m**2 - 28*m + 2. List the prime factors of h(15).
2
Let x(j) = -j**2 - 15*j - 9. Let r be x(-14). Suppose r*a + 2*a = 553. List the prime factors of a.
79
Let c(h) = -h**3 + 6*h**2 + h. Let w be c(6). Let f = 0 + w. Suppose -f*k + 84 = -3*k. List the prime factors of k.
2, 7
Let q be ((-51)/(-9))/((-8)/(-24)). Suppose q = h - 8. What are the prime factors of h?
5
Let z(m) = -m**2 + 2. Let s be z(0). Suppose -5*v - 415 = 2*x, -6*v + 3*v = -4*x + 275. What are the prime factors of v/(-20)*8/s?
17
Suppose -3 = -u + 1. Suppose u*r = -r - 20. What are the prime factors of (2 + -1 - r) + 1?
2, 3
Let b(x) = 2*x - 18. Let z be b(10). Suppose 0 = -o + z*o - 47. List the prime factors of o.
47
Let z(k) = -k + 3. Let r be z(2). Let x(a) = 8*a**3 + a**2 - 1. Let b be x(r). Let v(d) = 5*d + 4. List the prime factors of v(b).
2, 11
Let k = 11 - -6. Let p = 54 - k. List the prime factors of p.
37
Suppose 0 = 3*i - 6*i + 3480. What are the prime factors of i?
2, 5, 29
Let z = 2137 + -1390. What are the prime factors of z?
3, 83
Let w(o) = -3*o + 12. Let c(s) = s - 6. Let k(p) = -10*c(p) - 4*w(p). Let i be -3 - -2 - -1*9. What are the prime factors of k(i)?
2, 7
Let f(x) = x**2 - 6*x + 3. Let t be f(6). Suppose -t*h - 4 = -10. List the prime factors of h.
2
Suppose -5*r - 36 = -8*r. Let c be ((-4)/16)/((-3)/r). Suppose -c = -3*t + 23. What are the prime factors of t?
2
Let m(f) = 26*f**2 - 3*f - 2. Suppose 0 = 5*p + q, -4*q + 18 = 2*p - 0. List the prime factors of m(p).
3
Let y(v) = -3*v - 5. Let j = -8 + 10. Suppose -a + j*s + 2 = -3*s, -s - 2 = 0. List the prime factors of y(a).
19
Suppose 108*i + 21396 = 120*i. What are the prime factors of i?
1783
Suppose 0 = -q - 5*x + 40 + 11, -150 = -4*q - 2*x. List the prime factors of ((-2)/6 - -1) + 948/q.
3
Suppose -5*t = -4*z + 27 - 6, -5*t - 23 = -2*z. Let l be -2*-1*z/(-1). Suppose l*g + 0*g = 26. List the prime factors of g.
13
Suppose 5*r + 27 = 37. Suppose -r*y + 2*t + 172 = 0, -2*y + 429 = 3*y - 4*t. List the prime factors of y.
5, 17
Let k = 1189 - 505. What are the prime factors of k?
2, 3, 19
Let h(i) = -5*i - 65. Let t(r) = -3*r - 43. Suppose 3*g = -0*x - 4*x - 36, 2*x = 4*g + 26. Let y(v) = g*t(v) + 5*h(v). List the prime factors of y(9).
2, 5
Suppose -2045 - 2956 = -3*f. List the prime factors of f.
1667
Let g(n) = n**2 + 12*n + 4. Let z be g(-12). Suppose -11 = -3*r + 4*j + 77, 2*r + z*j = 92. Suppose -r = 3*u - 7*u. List the prime factors of u.
3
Let y = 17 - -1. What are the prime factors of ((-12)/y + -4)/(1/(-3))?
2, 7
What are the prime factors of 32/(-15) - -2 - 34885/(-75)?
3, 5, 31
Let y(a) be the second derivative of -a**6/15 + a**5/30 - a**3/6 + 2*a**2 + 7*a. Let w(b) be the first derivative of y(b). List the prime factors of w(-1).
3
What are the prime factors of (319 + 6)/(-5)*-3?
3, 5, 13
Suppose 17451 = 6*b + 3711. List the prime factors of b.
2, 5, 229
Let j(t) = -t**2 - 4*t - 1. Let b be j(-2). What are the prime factors of b + 0 + (0 - -26)?
29
Suppose -8*m + 10*m = 10. Suppose u + 0*u - 5 = 0, -u + 110 = m*q. What are the prime factors of q?
3, 7
Suppose -4*y + 5*m = -3823, -1907 = -2*y - 0*y + m. List the prime factors of y.
2, 7, 17
List the prime factors of (-788)/(-52) + 4/(-26) + 0.
3, 5
Suppose p - 3 + 9 = 0. Let q = -4 - p. List the prime factors of (-2)/4*q*-24.
2, 3
Suppose -5*p - 2*w + 2014 = -232, -2243 = -5*p - w. List the prime factors of p.
2, 7
Suppose l - 4*l = -5*y + 27, 3*l + 9 = 2*y. Suppose p - 60 = -3*p. List the prime factors of (1 + 8/y)*p.
5, 7
Suppose -879 = 6*s - 9*s - 3*b, -s + 298 = 2*b. Let d = s + -123. What are the prime factors of d?
3, 5, 11
Let j(q) = -q + 9. Let c be j(5). Suppose n + l - 10 + c = 0, -5 = -5*l. What are the prime factors of n?
5
Let y(r) = -10*r**3 - 8*r**2 - 9*r - 14. List the prime factors of y(-6).
2, 239
Suppose -3*x = -7*x - x. Suppose 4*s - 564 + 32 = x. What are the prime factors of s?
7, 19
Let u be -22 + 3 + (3 - 1). Let w = -13 - u. Suppose 4*h - 3*r = 2*r + 170, 3*r + 166 = w*h. List the prime factors of h.
2, 5
Let g(l) be the first derivative of -6*l**2 - 24*l - 22. What are the prime factors of g(-9)?
2, 3, 7
Suppose 3016 - 620 = 2*d - 2*h, -1202 = -d + 5*h. List the prime factors of d.
3, 7, 19
Let s be -1 + 14 + -6 + 3. Suppose -s = -2*q - 2*r, -6 = -q + 2*r - 1. List the prime factors of q.
5
Let n = 735 + -593. List the prime factors of n.
2, 71
Suppose -a + 6298 = 3*l, 83*a = 3*l + 81*a - 6304. List the prime factors of l.
2, 3, 5, 7
Let x(f) = f**3 + 15*f**2 - 135*f + 16. List the prime factors of x(-19).
3, 379
Let y(x) = -2*x**3 + 47*x**2 - 67*x + 22. Let k be y(22). Suppose -5*z = 3*i - 47 - 10, -4*i - 20 = -4*z. List the prime factors of 48/z*(k - -3).
2
Let p = -736 + 2366. List the prime factors of p.
2, 5, 163
Let q(v) = 107*v**2 + 104*v + 552. List the prime factors of q(-6).
2, 3, 5, 7
Suppose -11*u - 14*u + 8050 = 0. What are the prime factors of u?
2, 7, 23
Let p(y) = -y**3 + 12*y**2 + 20*y - 19. Suppose 14 = l - 2*n - 3, 3*l - n = 41. Let i be p(l). Let u = -44 + i. What are the prime factors of u?
2, 7
Let p(g) = -41*